92
In base 12, what is -4004 - 2?
-4006
In base 6, what is 0 - -3013?
3013
In base 13, what is 158a + 1?
158b
In base 12, what is 0 + 1a5?
1a5
In base 11, what is 4 - 3?
1
In base 2, what is 101 + 110111?
111100
In base 2, what is 101 - 11010100011?
-11010011110
In base 16, what is 75 - da?
-65
In base 6, what is 2 + -4442?
-4440
In base 14, what is -195 - -c?
-187
In base 4, what is -10 + 10202?
10132
In base 8, what is -12 + -2445?
-2457
In base 13, what is 46 - 1c?
27
In base 15, what is 260 - 2?
25d
In base 11, what is 420 - 6?
415
In base 11, what is -527 - -18?
-50a
In base 13, what is 2c - -a?
39
In base 3, what is -10 - -11122?
11112
In base 8, what is -1 + -2227?
-2230
In base 16, what is 6a8f + -2?
6a8d
In base 11, what is -a + 2?
-8
In base 3, what is 11 - -12002?
12020
In base 5, what is 20303 + -3?
20300
In base 15, what is 48 + 2?
4a
In base 9, what is -71 - 0?
-71
In base 13, what is -5 + 109?
104
In base 15, what is 1698 - 2?
1696
In base 9, what is 7 + 215?
223
In base 9, what is -2707 + 5?
-2702
In base 11, what is 803 - 5?
7a9
In base 7, what is 4 + 6?
13
In base 4, what is 3222010 + -2?
3222002
In base 13, what is 4 + b9?
c0
In base 16, what is -5 - -999?
994
In base 13, what is 5 + -59?
-54
In base 2, what is 1011000001111 + -101?
1011000001010
In base 6, what is 11 - -12?
23
In base 8, what is -14675 - -5?
-14670
In base 6, what is 13 + -34?
-21
In base 9, what is 50768 - -3?
50772
In base 6, what is 200412 + 2?
200414
In base 7, what is 2 - -66?
101
In base 2, what is 10011000 + -110001?
1100111
In base 9, what is 3 + 634?
637
In base 6, what is -24222 - -5?
-24213
In base 6, what is -340 + 13?
-323
In base 11, what is -90 - a?
-9a
In base 10, what is 8 - -21?
29
In base 3, what is -1 - 1112?
-1120
In base 13, what is 5 - -13cb?
1403
In base 5, what is 0 + 143332?
143332
In base 8, what is 7 - -74?
103
In base 5, what is -4 + -4?
-13
In base 14, what is 1 - 37?
-36
In base 6, what is 244 - -21?
305
In base 7, what is 3 - -16434?
16440
In base 14, what is 26b - 0?
26b
In base 8, what is -5 + 106?
101
In base 13, what is -1111 - -2?
-110c
In base 5, what is 223 - -232?
1010
In base 4, what is -13 - -101?
22
In base 13, what is -22 - 3c9?
-41b
In base 9, what is 4 + -1525?
-1521
In base 2, what is 10101 + -100100010?
-100001101
In base 11, what is 1 + -331?
-330
In base 10, what is -64 + 85?
21
In base 5, what is -31 + 1131?
1100
In base 6, what is 11 - -1000?
1011
In base 14, what is -a - -157?
14b
In base 5, what is -3 + -3033?
-3041
In base 14, what is -da + -3?
-dd
In base 7, what is 2 - -60?
62
In base 13, what is 5 + -240?
-238
In base 16, what is 11 - -11?
22
In base 7, what is 3 + 2562?
2565
In base 7, what is -165 + -4?
-202
In base 12, what is 4 + 94?
98
In base 9, what is -1050 + -1?
-1051
In base 14, what is -9 + c?
3
In base 7, what is 12 - -130?
142
In base 7, what is 6 - -150?
156
In base 5, what is -14241 - 2?
-14243
In base 15, what is -36b + 2?
-369
In base 15, what is 5 + -307?
-302
In base 9, what is -10 - -1484?
1474
In base 5, what is 21 + 1132?
1203
In base 15, what is 2a + -17c?
-152
In base 14, what is -35ac + 4?
-35a8
In base 8, what is -3 - 114?
-117
In base 7, what is -4166 - 3?
-4202
In base 12, what is 50 - 4?
48
In base 11, what is -2371 - 1?
-2372
In base 13, what is -3 - 151?
-154
In base 7, what is 25 + 30?
55
In base 13, what is -16 - -78?
62
In base 2, what is -100101100 - -10?
-100101010
In base 10, what is -4 - 60?
-64
In base 6, what is 25524 + 5?
25533
In base 4, what is -30 + -220?
-310
In base 9, what is -2 - -20?
17
In base 8, what is -5 - -107?
102
In base 8, what is 4 - 27?
-23
In base 3, what is -1021 + 1?
-1020
In base 7, what is -114303 + 2?
-114301
In base 8, what is -6 - -134?
126
In base 11, what is -9 + 104?
a6
In base 15, what is 1 + 89?
8a
In base 3, what is 12201120 + 11?
12201201
In base 13, what is -19 - 6?
-22
In base 13, what is 583 + -2?
581
In base 15, what is 4 + -e?
-a
In base 13, what is -6 - 62?
-68
In base 16, what is 8 + -14?
-c
In base 4, what is 1203 + 3?
1212
In base 16, what is 10 + -1c?
-c
In base 8, what is -205 - -5?
-200
In base 8, what is -257 - -2?
-255
In base 7, what is -1226 - -6?
-1220
In base 16, what is 18ac - -3?
18af
In base 3, what is -2 + 2101110?
2101101
In base 12, what is 18306 - -2?
18308
In base 3, what is -1 + -12100?
-12101
In base 9, what is -8 + 53?
44
In base 14, what is 107 - -3?
10a
In base 2, what is -110010 - 10?
-110100
In base 10, what is 26 + -2?
24
In base 12, what is -44a + -5?
-453
In base 11, what is -14 - -64?
50
In base 9, what is 12 + -48?
-36
In base 15, what is 1 - 5c1?
-5c0
In base 15, what is -52 - 9?
-5b
In base 3, what is 1 + -1002?
-1001
In base 9, what is 46 + -6?
40
In base 11, what is -106 - 4?
-10a
In base 16, what is 4 - 35?
-31
In base 3, what is -2021011 + -10?
-2021021
In base 3, what is 1 + 200?
201
In base 2, what is 11000111000 - 10?
11000110110
In base 7, what is 0 + -204?
-204
In base 6, what is 221 + 2?
223
In base 11, what is 8 - 90?
-83
In base 12, what is -328 - 0?
-328
In base 5, what is 4 + 221132?
221141
In base 5, what is -11 + 4322?
4311
In base 11, what is 9a1 + 2?
9a3
In base 8, what is -4 - -446?
442
In base 10, what is -6226 + 1?
-6225
In base 7, what is 1 + -50?
-46
In base 8, what is -1235 - 5?
-1242
In base 11, what is 5 + -4a?
-45
In base 16, what is -12 + 48?
36
In base 12, what is 72 - -1?
73
In base 12, what is 38 + 46?
82
In base 7, what is -2 - 23?
-25
In base 15, what is 2a6 + -1?
2a5
In base 10, what is 500 + -9?
491
In base 16, what is 39 - 1?
38
In base 15, what is 47 + -4?
43
In base 9, what is 4 + -60?
-55
In base 16, what is -76c + 8?
-764
In base 13, what is -20 - 11?
-31
In base 13, what is c - -11?
20
In base 4, what is 32 + -1311?
-1213
In base 11, what is -4 + 49?
45
In base 14, what is -3 - 44?
-47
In base 2, what is 10 + 111101?
111111
In base 14, what is -2 + -19c2?
-19c4
In base 14, what is -2 - 41?
-43
In base 12, what is 16 - 4?
12
In base 9, what is 1 + 1?
2
In base 9, what is -11 - 42?
-53
In base 4, what is 0 - -101?
101
In base 5, what is -1402 + 214?
-1133
In base 16, what is de - 5?
d9
In base 4, what is -130223 + 0?
-130223
In base 13, what is 3 + -143?
-140
In base 13, what is c8 + 4?
cc
In base 15, what is 4 - 31?
-2c
In base 11, what is -10 - -11?
1
In base 8, what is 757 + -1?
756
In base 2, what is 100 + 10010010?
10010110
In base 8, what is 4 + 670?
674
In base 7, what is 1 - -133?
134
In base 9, what is 46 + 4?
51
In base 6, what is 21503 - -3?
21510
In base 15, what is 36 + -9?
2c
In base 10, what is 26 + -19?
7
In base 6, what is 204 + 321?
525
In base 5, what is 32323 + -3?
32320
In base 11, what is -17131 - 3?
-17134
In base 10, what is -8 - -21?
13
In base 16, what is -1 + -1e?
-1f
In base 7, what is 3 + -24300?
-24264
In base 5, what is 10240 + 2?
10242
In base 8, what is -230 - -1?
-227
In base 9, what is 235 - 2?
233
In base 6, what is 242 + 5?
251
In base 4, what is 10 - -21?
31
In base 16, what is -2e0b - 0?
-2e0b
In base 13, what is -1 + 946?
945
In base 16, what is 25 - 6?
1f
In base 2, what is 100 - 11100010?
-11011110
In base 16, what is -1d + -59?
-76
In base 15, what is -18 + -6?
-1e
In base 16, what is -3 - -11?
e
In base 5, what is 10 - 401?
-341
In base 14, what is 0 - 954?
-954
In base 11, what is 63 + -41?
22
In base 5, what is 22 - -33?
110
In base 15, what is 666 + 2?
668
In base 15, what is -5 - -15b?
156
In base 16, what is 6 - -19?
1f
In base 12, what is 3 + 44?
47
In base 13, what is 19 - 3?
16
In base 16, what is 4 + ff?
103
In base 2, what is 10 - -10?
100
In base 5, what is -3 - -1343?
1340
In base 16, what is 6 + -1a?
-14
In base 9, what is 5650 - -1?
5651
In base 14, what is -8 - -22?
18
In base 13, what is -a - 7?
-14
In base 2, what is -100 + -101010110?
-101011010
In base 5, what is 3 + 104110?
104113
In base 12, what is -70 + 5?
-67
In base 8, what is 2 + 26?
30
In base 13, what is -3 + -70?
-73
In base 3, what is -21200 - 10000?
-101200
In base 9, what is 1031 + -14?
1016
In base 10, what is -986 - 11?
-997
In base 9, what is 0 + -177?
-177
In base 7, what is 430 - -22?
452
In base 7, what is -2 + 210?
205
In base 5, what is -2133 - 23?
-2211
In base 11, what is -1651 + 0?
-1651
In base 3, what is -20